e u + 95 = 6*u + 5*g, -4*u - 3*g + 72 = 0. Calculate the remainder when 358 is divided by u.
13
Suppose 0 = 5*q - 2*o - 555, 4*q + 0*o - 441 = o. What is the remainder when 329 is divided by q?
2
Suppose 15*b = 27*b - 2640. What is the remainder when b is divided by 58?
46
Suppose -10*x + 16*x + 18 = 0. Let u = -32 + 53. Calculate the remainder when u is divided by (20 - 23)*8/x.
5
Let s(p) = -p - 2*p**2 - 3 - 12 + 27 + 27. Calculate the remainder when s(0) is divided by 10.
9
Suppose -2*m - 86 = -4*m. Suppose 6*p + 8 = -4. What is the remainder when m is divided by 14 - ((0 - p) + 1)?
10
Suppose -13*k + 158 = -50. Calculate the remainder when 29 is divided by k.
13
Suppose 4*b - 12 = 0, -165 = -4*y + 6*b - b. What is the remainder when 125/45 - (-10)/y is divided by 2?
1
Calculate the remainder when 6/30*(884 - -6 - 0) is divided by 11.
2
Calculate the remainder when (633/12 + 0)/((-28)/(-112)) is divided by 72.
67
Let s = 500 + -852. Let t = -245 - s. What is the remainder when t is divided by 9?
8
Suppose -582 = -21*o + 1392. Calculate the remainder when o is divided by 32.
30
Suppose -910 = -47*t - 18*t. Calculate the remainder when t is divided by (-1)/4 + 33/4.
6
Let i = 149 + -60. What is the remainder when i is divided by 24?
17
Let l = -79 + 53. Let q = l + 73. Suppose -27*p + 23*p = 2*y - 38, 44 = 4*p + 4*y. Calculate the remainder when q is divided by p.
7
Let f(n) = -2*n**2 + 109*n - 147. What is the remainder when f(53) is divided by 6?
0
Suppose -123 = -11*t + 515. Calculate the remainder when 289 is divided by t.
57
Suppose -9*t - 40 = -2*z - 10*t, -4*z = t - 76. Suppose -p - 4*p = -445. Calculate the remainder when p is divided by z.
17
Suppose -5*z + 5*u = -0*z, 4 = 5*z - u. Calculate the remainder when 36 is divided by 10 + (4/z)/(-2).
4
Suppose 168 = -11*r + 14*r. Let a = 81 - r. What is the remainder when 49 is divided by a?
24
Let f(p) = 19*p**3 - 50*p**2 - 2*p + 1. Let s(c) = 13*c**3 - 33*c**2 - c + 1. Let x(o) = -5*f(o) + 8*s(o). Calculate the remainder when x(3) is divided by 43.
40
Let d(o) = 4 - 22*o - 4 + 4. Calculate the remainder when d(-1) is divided by 3.
2
Suppose a = 3*j - 6, 6*j - j = 5*a. Suppose 0 = -5*r - 3*v + 30, -j*r + 5*v = v + 11. Let h = -13 - -17. Calculate the remainder when h is divided by r.
1
Let h(p) = -p**2 - 44*p + 8. What is the remainder when h(-34) is divided by 35?
33
Let o = 574 + -568. Calculate the remainder when ((-42)/9)/(2/(-3)) is divided by o.
1
Let m = -20 + 73. Calculate the remainder when m is divided by (-214)/(-14) + 3*(-10)/105.
8
Let j = 4 + -3. Calculate the remainder when 4/(-4)*(-2 + -4) is divided by j.
0
Let b = -525 - -685. What is the remainder when b is divided by 6/(-2) + 3*7?
16
Let r be -93*3/((-18)/(-2)). Let p = r + 46. What is the remainder when 59 is divided by p?
14
Let y(c) = -46 + 47 + c**2 + 0*c**2 + 4*c. What is the remainder when y(-5) is divided by 5?
1
Calculate the remainder when 18 is divided by (-54)/189 + 79/7.
7
Let s(b) = 15*b + 6. Suppose -5*z + 10 = 35. What is the remainder when s(5) is divided by (21/z)/((-2)/10)?
18
Let r be ((-2)/(-3))/(2/51). Suppose g - r = 16. Let z = -372 + 381. What is the remainder when g is divided by z?
6
Suppose 0 = -57*t + 17265 - 2103. Calculate the remainder when 273 is divided by t.
7
Let u(m) be the third derivative of -m**5/60 + m**4/3 + 11*m**3/6 + 4*m**2. Suppose -18*c + 987 = 249. Calculate the remainder when c is divided by u(8).
8
Let y = -1515 - -1640. What is the remainder when y is divided by 8?
5
What is the remainder when 134 is divided by (-31 + 0)/(30 - 31)?
10
Let k(v) = -2*v + 45. Let r = 45 + -13. What is the remainder when r is divided by k(19)?
4
Let w be ((-45)/(-18))/((-1)/(-6)). Suppose 2*u - 3*x - 48 = 0, 2*u - x - 25 - w = 0. What is the remainder when 32 is divided by u?
14
Let w = 64 + -59. Suppose -4*b + 3*z = -47, w*b - 40 = 3*b - 4*z. Calculate the remainder when 54 is divided by b.
12
Suppose 40 = 3*t - w, 2*t + 3*t - 4*w = 55. Let v = -3 + t. What is the remainder when 59 is divided by v?
11
Suppose 4*u = 8*u - 272. Suppose -3*c + 28 = -u. Calculate the remainder when c is divided by 12.
8
Suppose -k = 2*k - 18. Suppose k*s = 59 + 25. What is the remainder when 53 is divided by s?
11
Suppose g + 60 = -2*g. Let a = -14 - g. Suppose -2*d + 2*l - 13 = -55, -3*d - 3*l = -57. Calculate the remainder when d is divided by a.
2
Calculate the remainder when -1 - (2355/(-6) - (-3)/2) is divided by 3.
0
Let f(s) = 444*s + 964. Let z be 0/2 + 28/(-2). What is the remainder when f(-2) is divided by 2/(-7) + (-368)/z?
24
Suppose t + 2*t - 239 = -4*f, -4*f - t + 229 = 0. Suppose 4*d + 1820 = 1896. Calculate the remainder when f is divided by d.
18
Suppose 4*y = a + 3*y + 1, 4*a + 2*y = 2. Suppose 5*b - 707 = -2*h, -563 = -4*b - a*b + h. What is the remainder when b is divided by 36?
33
Let p be ((-18)/(-15))/(4/10). Calculate the remainder when -3 + (p - -3) - -82 is divided by 22.
19
Suppose 9432 = 2*h + 34*h. Calculate the remainder when h is divided by 8.
6
Suppose 7*c + 13 - 223 = 0. Calculate the remainder when 203 is divided by c.
23
Calculate the remainder when 107 is divided by 2/4*72/((-4)/(-1)).
8
Let f(d) = -d**3 + 11*d**2 + 11*d + 15. Let j be f(12). Suppose j*q = -10 + 61. Let b = 5 - -28. Calculate the remainder when b is divided by q.
16
Let o be 12*1*(0 + 1). Let k = 151 + -114. What is the remainder when k is divided by (-9)/12 + 165/o?
11
Let f(n) = -8*n + 0 + 4*n - 2*n + 1. Calculate the remainder when 97 is divided by f(-4).
22
Let r be 2/(-8) - 44/16. Suppose 3*b = 11*b - 288. What is the remainder when b is divided by (-10)/4*(r - 1)?
6
Suppose -4*f = 5*n - 71, 5*f + n - 49 - 24 = 0. Calculate the remainder when 69 is divided by f.
13
Let d be (-2 - 0/(-2)) + 28*8. Suppose 0 = -k - 5*k + d. Let f = -50 - -70. Calculate the remainder when k is divided by f.
17
Let f = 15 - -8. Let d = -27 - -27. Suppose -4*k + d*k = -176. What is the remainder when k is divided by f?
21
Let l = 1099 - 708. Calculate the remainder when l is divided by 67.
56
Let p(t) = t**2 + 11*t + 11. Calculate the remainder when 6/(132/1610) - (-2)/(-11) is divided by p(-13).
36
Let p be (-24)/16 + (-2)/4 - -284. Let x = -181 + p. What is the remainder when x is divided by 17?
16
Let t(a) = -a + 2. Let x be t(-2). Suppose 3*u = -v + 16, x*v + u - 2*u - 77 = 0. What is the remainder when v is divided by 11?
8
Calculate the remainder when 26 is divided by (5 - -4)*1 + 0 + 4.
0
Let g = -61 + 86. Calculate the remainder when 2/((6/(-49))/(-6)) is divided by g.
23
Let n(m) = 78*m**3 - 4*m**2 + 2*m + 1. What is the remainder when 225 is divided by n(1)?
71
What is the remainder when 128 is divided by 6/(9/3) + 20?
18
Suppose 0 = -3*u - 2*u + 2*a + 101, -4*u - 3*a = -67. Calculate the remainder when (2 - (-22)/(-10))/(1/(-265)) is divided by u.
15
Let b = 4 - 2. Let d(o) = -2*o - 5. Let g be d(-4). Suppose -68 = -3*y + 5*u, g*y + b*y + 4*u = 175. What is the remainder when y is divided by 17?
14
Let l be (2/6)/((-1)/(-6)). Suppose 0 = -5*o + l*j + 36, -4*o - j - 2*j = -15. Calculate the remainder when -3 + (-21)/o*-14 is divided by 16.
14
Suppose 2*f = 2 + 4. Suppose 0 = f*y + 5*z - 31, -y + 3*z = -2*y + 5. What is the remainder when 27 is divided by y?
10
Let d = 39 + -34. Suppose 0 = -d*h - 55 + 130. What is the remainder when 40 is divided by h?
10
Let j(l) = -19*l**3 - 2*l**2 - 3*l + 4. Calculate the remainder when j(-2) is divided by 13.
11
Suppose -3*l + 74 = 4*p, 6*l - 8*l + p = -53. What is the remainder when 1375 is divided by l?
23
Suppose 6 = 2*f + 3*o, 3*f - f - 2*o - 6 = 0. Suppose -f*d + 87 = 33. What is the remainder when d is divided by (-2)/(-9) - 61/(-9)?
4
Suppose 0 = -3*p - 3*t + 1584, -4*p + 1560 + 544 = 2*t. What is the remainder when p is divided by 15?
14
Let i = -128 + 72. What is the remainder when 28 is divided by (-115)/(-7) + 24/i?
12
Let t = 173 + -112. What is the remainder when t is divided by 37?
24
Let t = -7 + 10. Suppose -t*n + 40 = n. Calculate the remainder when (n - 9)/((-2)/(-106)) is divided by 27.
26
Suppose 0 = 3*o - i + 2*i - 130, o - 46 = -i. Suppose 3*u - 2*z - 24 = o, -110 = -5*u + 5*z. Calculate the remainder when u is divided by 8.
6
What is the remainder when